{"id":1192,"date":"2026-05-06T12:07:52","date_gmt":"2026-05-06T09:07:52","guid":{"rendered":"https:\/\/muebbet-tr.com\/index.php\/iletisim\/"},"modified":"2026-05-06T12:10:43","modified_gmt":"2026-05-06T09:10:43","slug":"iletisim","status":"publish","type":"page","link":"https:\/\/muebbet-tr.com\/index.php\/iletisim\/","title":{"rendered":"\u0130leti\u015fim"},"content":{"rendered":"<h2>\u0130leti\u015fim<\/h2>\n<p>M\u00fcebbet rehber i\u00e7erikleri, g\u00fcncel giri\u015f ve bonus sayfalar\u0131yla ilgili d\u00fczeltme talepleri i\u00e7in site y\u00f6netimiyle ileti\u015fime ge\u00e7ebilirsiniz.<\/p>\n<p>Bu site 18 ya\u015f ve \u00fczeri kullan\u0131c\u0131lara y\u00f6nelik bilgilendirici i\u00e7erik sunar; hesap i\u015flemleri ve \u00fcyelik destek talepleri i\u00e7in kullan\u0131c\u0131lar ilgili resmi kanal kontrollerini ayr\u0131ca yapmal\u0131d\u0131r.<\/p>\n","protected":false},"excerpt":{"rendered":"<p>\u0130leti\u015fim M\u00fcebbet rehber i\u00e7erikleri, g\u00fcncel giri\u015f ve bonus sayfalar\u0131yla ilgili d\u00fczeltme talepleri i\u00e7in site y\u00f6netimiyle ileti\u015fime ge\u00e7ebilirsiniz. Bu site 18 ya\u015f ve \u00fczeri kullan\u0131c\u0131lara y\u00f6nelik bilgilendirici i\u00e7erik sunar; hesap i\u015flemleri ve \u00fcyelik destek talepleri i\u00e7in kullan\u0131c\u0131lar ilgili resmi kanal kontrollerini ayr\u0131ca yapmal\u0131d\u0131r.<\/p>\n","protected":false},"author":1,"featured_media":1145,"parent":0,"menu_order":0,"comment_status":"closed","ping_status":"closed","template":"","meta":{"footnotes":""},"class_list":["post-1192","page","type-page","status-publish","has-post-thumbnail"],"_links":{"self":[{"href":"https:\/\/muebbet-tr.com\/index.php\/wp-json\/wp\/v2\/pages\/1192","targetHints":{"allow":["GET"]}}],"collection":[{"href":"https:\/\/muebbet-tr.com\/index.php\/wp-json\/wp\/v2\/pages"}],"about":[{"href":"https:\/\/muebbet-tr.com\/index.php\/wp-json\/wp\/v2\/types\/page"}],"author":[{"embeddable":true,"href":"https:\/\/muebbet-tr.com\/index.php\/wp-json\/wp\/v2\/users\/1"}],"replies":[{"embeddable":true,"href":"https:\/\/muebbet-tr.com\/index.php\/wp-json\/wp\/v2\/comments?post=1192"}],"version-history":[{"count":1,"href":"https:\/\/muebbet-tr.com\/index.php\/wp-json\/wp\/v2\/pages\/1192\/revisions"}],"predecessor-version":[{"id":1201,"href":"https:\/\/muebbet-tr.com\/index.php\/wp-json\/wp\/v2\/pages\/1192\/revisions\/1201"}],"wp:featuredmedia":[{"embeddable":true,"href":"https:\/\/muebbet-tr.com\/index.php\/wp-json\/wp\/v2\/media\/1145"}],"wp:attachment":[{"href":"https:\/\/muebbet-tr.com\/index.php\/wp-json\/wp\/v2\/media?parent=1192"}],"curies":[{"name":"wp","href":"https:\/\/api.w.org\/{rel}","templated":true}]}}